{"id":331,"date":"2021-12-07T15:16:56","date_gmt":"2021-12-07T15:16:56","guid":{"rendered":"https:\/\/prameni.cz\/?post_type=cpt_services&#038;p=331"},"modified":"2022-12-02T13:42:15","modified_gmt":"2022-12-02T13:42:15","slug":"sanalan","status":"publish","type":"cpt_services","link":"https:\/\/prameni.cz\/cs\/services\/sanalan\/","title":{"rendered":"\u0160analan"},"content":{"rendered":"<div data-elementor-type=\"wp-post\" data-elementor-id=\"331\" class=\"elementor elementor-331\">\n\t\t\t\t\t\t<section class=\"elementor-section elementor-top-section elementor-element elementor-element-748b6ff5 sc_shift_y_tiny_negative elementor-section-boxed elementor-section-height-default elementor-section-height-default\" data-id=\"748b6ff5\" data-element_type=\"section\" data-e-type=\"section\">\n\t\t\t\t\t\t<div class=\"elementor-container elementor-column-gap-extended\">\n\t\t\t\t\t<div class=\"elementor-column elementor-col-100 elementor-top-column elementor-element elementor-element-e0a5d8c sc_inner_width_none sc_layouts_column_icons_position_left\" data-id=\"e0a5d8c\" data-element_type=\"column\" data-e-type=\"column\">\n\t\t\t<div class=\"elementor-widget-wrap elementor-element-populated\">\n\t\t\t\t\t\t<div class=\"elementor-element elementor-element-61ce04a7 sc_fly_static elementor-widget elementor-widget-text-editor\" data-id=\"61ce04a7\" data-element_type=\"widget\" data-e-type=\"widget\" data-widget_type=\"text-editor.default\">\n\t\t\t\t<div class=\"elementor-widget-container\">\n\t\t\t\t\t\t\t\t\t<h5>The Poetics Festival in Prague 2003<\/h5><h6>We created the poetics festival \u0160analan with the Jack Keruoac School of Disembodied Poetics at Naropa University in Boulder Colorado, as a major literary event in Prague in 2003. The festival consisted of workshops, panel discussions and unique performances.<\/h6><p>Theme: \u201cThe Third Mind.\u201d<\/p><p>Featured writers, teachers and performers:<\/p><p>Ivan Kl\u00edma, J\u00e1chym Topol, Ivan Vysko\u010dil, Eva \u0160vankmajerov\u00e1, Ida Kelarov\u00e1, Alexandra Berkov\u00e1, Franti\u0161ek Dryje, Pavla Slab\u00e1-Jonssonov\u00e1, Kate\u0159ina Pi\u0148osov\u00e1, Anne Waldman (US), Anselm Hollo (FIN), Rikki Ducornet (US), Irina Andreeva (RUS)<\/p>\t\t\t\t\t\t\t\t<\/div>\n\t\t\t\t<\/div>\n\t\t\t\t\t<\/div>\n\t\t<\/div>\n\t\t\t\t\t<\/div>\n\t\t<\/section>\n\t\t\t\t<section class=\"elementor-section elementor-top-section elementor-element elementor-element-39a5d30 sc_shift_y_small elementor-section-boxed elementor-section-height-default elementor-section-height-default\" data-id=\"39a5d30\" data-element_type=\"section\" data-e-type=\"section\">\n\t\t\t\t\t\t<div class=\"elementor-container elementor-column-gap-extended\">\n\t\t\t\t\t<div class=\"elementor-column elementor-col-100 elementor-top-column elementor-element elementor-element-8777139 sc_inner_width_none sc_layouts_column_icons_position_left\" data-id=\"8777139\" data-element_type=\"column\" data-e-type=\"column\">\n\t\t\t<div class=\"elementor-widget-wrap elementor-element-populated\">\n\t\t\t\t\t\t<div class=\"elementor-element elementor-element-0514aed sc_fly_static elementor-widget elementor-widget-image-gallery\" data-id=\"0514aed\" data-element_type=\"widget\" data-e-type=\"widget\" data-widget_type=\"image-gallery.default\">\n\t\t\t\t<div class=\"elementor-widget-container\">\n\t\t\t\t\t\t\t<div class=\"elementor-image-gallery\">\n\t\t\t\n<a data-elementor-open-lightbox=\"yes\" data-elementor-lightbox-slideshow=\"0514aed\" data-elementor-lightbox-title=\"Obr\u00e1zek7\" data-e-action-hash=\"#elementor-action%3Aaction%3Dlightbox%26settings%3DeyJpZCI6NjA4NywidXJsIjoiaHR0cHM6XC9cL3ByYW1lbmkuY3pcL3dwLWNvbnRlbnRcL3VwbG9hZHNcLzIwMjJcLzExXC9PYnJhemVrNy5wbmciLCJzbGlkZXNob3ciOiIwNTE0YWVkIn0%3D\" href='https:\/\/prameni.cz\/wp-content\/uploads\/2022\/11\/Obrazek7.png'><img fetchpriority=\"high\" decoding=\"async\" width=\"1046\" height=\"1479\" src=\"https:\/\/prameni.cz\/wp-content\/uploads\/2022\/11\/Obrazek7.png\" class=\"attachment-full size-full\" alt=\"\" srcset=\"https:\/\/prameni.cz\/wp-content\/uploads\/2022\/11\/Obrazek7.png 1046w, https:\/\/prameni.cz\/wp-content\/uploads\/2022\/11\/Obrazek7-212x300.png 212w, https:\/\/prameni.cz\/wp-content\/uploads\/2022\/11\/Obrazek7-724x1024.png 724w, https:\/\/prameni.cz\/wp-content\/uploads\/2022\/11\/Obrazek7-768x1086.png 768w, https:\/\/prameni.cz\/wp-content\/uploads\/2022\/11\/Obrazek7-8x12.png 8w, https:\/\/prameni.cz\/wp-content\/uploads\/2022\/11\/Obrazek7-370x523.png 370w, https:\/\/prameni.cz\/wp-content\/uploads\/2022\/11\/Obrazek7-760x1075.png 760w\" sizes=\"(max-width: 1046px) 100vw, 1046px\" \/><\/a>\n<a data-elementor-open-lightbox=\"yes\" data-elementor-lightbox-slideshow=\"0514aed\" data-elementor-lightbox-title=\"Sanalan-2\" data-e-action-hash=\"#elementor-action%3Aaction%3Dlightbox%26settings%3DeyJpZCI6NjA4MywidXJsIjoiaHR0cHM6XC9cL3ByYW1lbmkuY3pcL3dwLWNvbnRlbnRcL3VwbG9hZHNcLzIwMjJcLzExXC9TYW5hbGFuLTIucG5nIiwic2xpZGVzaG93IjoiMDUxNGFlZCJ9\" href='https:\/\/prameni.cz\/wp-content\/uploads\/2022\/11\/Sanalan-2.png'><img decoding=\"async\" width=\"433\" height=\"597\" src=\"https:\/\/prameni.cz\/wp-content\/uploads\/2022\/11\/Sanalan-2.png\" class=\"attachment-full size-full\" alt=\"\" srcset=\"https:\/\/prameni.cz\/wp-content\/uploads\/2022\/11\/Sanalan-2.png 433w, https:\/\/prameni.cz\/wp-content\/uploads\/2022\/11\/Sanalan-2-218x300.png 218w, https:\/\/prameni.cz\/wp-content\/uploads\/2022\/11\/Sanalan-2-9x12.png 9w, https:\/\/prameni.cz\/wp-content\/uploads\/2022\/11\/Sanalan-2-370x510.png 370w\" sizes=\"(max-width: 433px) 100vw, 433px\" \/><\/a>\n\t\t<\/div>\n\t\t\t\t\t\t<\/div>\n\t\t\t\t<\/div>\n\t\t\t\t\t<\/div>\n\t\t<\/div>\n\t\t\t\t\t<\/div>\n\t\t<\/section>\n\t\t\t\t<\/div>","protected":false},"excerpt":{"rendered":"<p>The poetics festival \u0160analan was a major literary event in Prague in 2003. The festival featured artists like Ivan Kl\u00edma, J\u00e1chym Topol, Eva \u0160vankmajerov\u00e1 and Ivan Vysko\u010dil among others.<\/p>","protected":false},"author":1,"featured_media":6683,"comment_status":"closed","ping_status":"closed","template":"","cpt_services_group":[52,358],"class_list":["post-331","cpt_services","type-cpt_services","status-publish","has-post-thumbnail","hentry","cpt_services_group-arts-projects","cpt_services_group-jennes-projects"],"_links":{"self":[{"href":"https:\/\/prameni.cz\/cs\/wp-json\/wp\/v2\/cpt_services\/331","targetHints":{"allow":["GET"]}}],"collection":[{"href":"https:\/\/prameni.cz\/cs\/wp-json\/wp\/v2\/cpt_services"}],"about":[{"href":"https:\/\/prameni.cz\/cs\/wp-json\/wp\/v2\/types\/cpt_services"}],"author":[{"embeddable":true,"href":"https:\/\/prameni.cz\/cs\/wp-json\/wp\/v2\/users\/1"}],"replies":[{"embeddable":true,"href":"https:\/\/prameni.cz\/cs\/wp-json\/wp\/v2\/comments?post=331"}],"version-history":[{"count":30,"href":"https:\/\/prameni.cz\/cs\/wp-json\/wp\/v2\/cpt_services\/331\/revisions"}],"predecessor-version":[{"id":7069,"href":"https:\/\/prameni.cz\/cs\/wp-json\/wp\/v2\/cpt_services\/331\/revisions\/7069"}],"wp:featuredmedia":[{"embeddable":true,"href":"https:\/\/prameni.cz\/cs\/wp-json\/wp\/v2\/media\/6683"}],"wp:attachment":[{"href":"https:\/\/prameni.cz\/cs\/wp-json\/wp\/v2\/media?parent=331"}],"wp:term":[{"taxonomy":"cpt_services_group","embeddable":true,"href":"https:\/\/prameni.cz\/cs\/wp-json\/wp\/v2\/cpt_services_group?post=331"}],"curies":[{"name":"wp","href":"https:\/\/api.w.org\/{rel}","templated":true}]}}

Šanalan

<div data-elementor-type="wp-post" data-elementor-id="331" class="elementor elementor-331">
						<section class="elementor-section elementor-top-section elementor-element elementor-element-748b6ff5 sc_shift_y_tiny_negative elementor-section-boxed elementor-section-height-default elementor-section-height-default" data-id="748b6ff5" data-element_type="section" data-e-type="section">
						<div class="elementor-container elementor-column-gap-extended">
					<div class="elementor-column elementor-col-100 elementor-top-column elementor-element elementor-element-e0a5d8c sc_inner_width_none sc_layouts_column_icons_position_left" data-id="e0a5d8c" data-element_type="column" data-e-type="column">
			<div class="elementor-widget-wrap elementor-element-populated">
						<div class="elementor-element elementor-element-61ce04a7 sc_fly_static elementor-widget elementor-widget-text-editor" data-id="61ce04a7" data-element_type="widget" data-e-type="widget" data-widget_type="text-editor.default">
				<div class="elementor-widget-container">
									<h5>The Poetics Festival in Prague 2003</h5><h6>We created the poetics festival Šanalan with the Jack Keruoac School of Disembodied Poetics at Naropa University in Boulder Colorado, as a major literary event in Prague in 2003. The festival consisted of workshops, panel discussions and unique performances.</h6><p>Theme: “The Third Mind.”</p><p>Featured writers, teachers and performers:</p><p>Ivan Klíma, Jáchym Topol, Ivan Vyskočil, Eva Švankmajerová, Ida Kelarová, Alexandra Berková, František Dryje, Pavla Slabá-Jonssonová, Kateřina Piňosová, Anne Waldman (US), Anselm Hollo (FIN), Rikki Ducornet (US), Irina Andreeva (RUS)</p>								</div>
				</div>
					</div>
		</div>
					</div>
		</section>
				<section class="elementor-section elementor-top-section elementor-element elementor-element-39a5d30 sc_shift_y_small elementor-section-boxed elementor-section-height-default elementor-section-height-default" data-id="39a5d30" data-element_type="section" data-e-type="section">
						<div class="elementor-container elementor-column-gap-extended">
					<div class="elementor-column elementor-col-100 elementor-top-column elementor-element elementor-element-8777139 sc_inner_width_none sc_layouts_column_icons_position_left" data-id="8777139" data-element_type="column" data-e-type="column">
			<div class="elementor-widget-wrap elementor-element-populated">
						<div class="elementor-element elementor-element-0514aed sc_fly_static elementor-widget elementor-widget-image-gallery" data-id="0514aed" data-element_type="widget" data-e-type="widget" data-widget_type="image-gallery.default">
				<div class="elementor-widget-container">
							<div class="elementor-image-gallery">
			
<a data-elementor-open-lightbox="yes" data-elementor-lightbox-slideshow="0514aed" data-elementor-lightbox-title="Obrázek7" data-e-action-hash="#elementor-action%3Aaction%3Dlightbox%26settings%3DeyJpZCI6NjA4NywidXJsIjoiaHR0cHM6XC9cL3ByYW1lbmkuY3pcL3dwLWNvbnRlbnRcL3VwbG9hZHNcLzIwMjJcLzExXC9PYnJhemVrNy5wbmciLCJzbGlkZXNob3ciOiIwNTE0YWVkIn0%3D" href='https://prameni.cz/wp-content/uploads/2022/11/Obrazek7.png'><img fetchpriority="high" decoding="async" width="1046" height="1479" src="https://prameni.cz/wp-content/uploads/2022/11/Obrazek7.png" class="attachment-full size-full" alt="" srcset="https://prameni.cz/wp-content/uploads/2022/11/Obrazek7.png 1046w, https://prameni.cz/wp-content/uploads/2022/11/Obrazek7-212x300.png 212w, https://prameni.cz/wp-content/uploads/2022/11/Obrazek7-724x1024.png 724w, https://prameni.cz/wp-content/uploads/2022/11/Obrazek7-768x1086.png 768w, https://prameni.cz/wp-content/uploads/2022/11/Obrazek7-8x12.png 8w, https://prameni.cz/wp-content/uploads/2022/11/Obrazek7-370x523.png 370w, https://prameni.cz/wp-content/uploads/2022/11/Obrazek7-760x1075.png 760w" sizes="(max-width: 1046px) 100vw, 1046px" /></a>
<a data-elementor-open-lightbox="yes" data-elementor-lightbox-slideshow="0514aed" data-elementor-lightbox-title="Sanalan-2" data-e-action-hash="#elementor-action%3Aaction%3Dlightbox%26settings%3DeyJpZCI6NjA4MywidXJsIjoiaHR0cHM6XC9cL3ByYW1lbmkuY3pcL3dwLWNvbnRlbnRcL3VwbG9hZHNcLzIwMjJcLzExXC9TYW5hbGFuLTIucG5nIiwic2xpZGVzaG93IjoiMDUxNGFlZCJ9" href='https://prameni.cz/wp-content/uploads/2022/11/Sanalan-2.png'><img decoding="async" width="433" height="597" src="https://prameni.cz/wp-content/uploads/2022/11/Sanalan-2.png" class="attachment-full size-full" alt="" srcset="https://prameni.cz/wp-content/uploads/2022/11/Sanalan-2.png 433w, https://prameni.cz/wp-content/uploads/2022/11/Sanalan-2-218x300.png 218w, https://prameni.cz/wp-content/uploads/2022/11/Sanalan-2-9x12.png 9w, https://prameni.cz/wp-content/uploads/2022/11/Sanalan-2-370x510.png 370w" sizes="(max-width: 433px) 100vw, 433px" /></a>
		</div>
						</div>
				</div>
					</div>
		</div>
					</div>
		</section>
				</div>

<p>The poetics festival Šanalan was a major literary event in Prague in 2003. The festival featured artists like Ivan Klíma, Jáchym Topol, Eva Švankmajerová and Ivan Vyskočil among others.</p>
