{"id":320,"date":"2018-12-05T14:35:24","date_gmt":"2018-12-05T14:35:24","guid":{"rendered":"https:\/\/prameni.cz\/?post_type=cpt_services&#038;p=320"},"modified":"2022-12-02T16:45:11","modified_gmt":"2022-12-02T16:45:11","slug":"what-kind-of-school-do-we-want","status":"publish","type":"cpt_services","link":"https:\/\/prameni.cz\/cs\/services\/what-kind-of-school-do-we-want\/","title":{"rendered":"V\u0161echny d\u011bti v\u00edt\u00e1ny"},"content":{"rendered":"<div data-elementor-type=\"wp-post\" data-elementor-id=\"320\" class=\"elementor elementor-320\">\n\t\t\t\t\t\t<section class=\"elementor-section elementor-top-section elementor-element elementor-element-76498ea1 elementor-section-boxed elementor-section-height-default elementor-section-height-default\" data-id=\"76498ea1\" data-element_type=\"section\" data-e-type=\"section\">\n\t\t\t\t\t\t<div class=\"elementor-container elementor-column-gap-extended\">\n\t\t\t\t\t<div class=\"elementor-column elementor-col-100 elementor-top-column elementor-element elementor-element-4ca3d814 sc_inner_width_none sc_layouts_column_icons_position_left\" data-id=\"4ca3d814\" data-element_type=\"column\" data-e-type=\"column\">\n\t\t\t<div class=\"elementor-widget-wrap elementor-element-populated\">\n\t\t\t\t\t\t<div class=\"elementor-element elementor-element-4cc6641c sc_fly_static elementor-widget elementor-widget-text-editor\" data-id=\"4cc6641c\" data-element_type=\"widget\" data-e-type=\"widget\" data-widget_type=\"text-editor.default\">\n\t\t\t\t<div class=\"elementor-widget-container\">\n\t\t\t\t\t\t\t\t\t<h5>Interaktivn\u00ed online kurz o inkluzivn\u00edm \u0161koln\u00edm prost\u0159ed\u00ed pro studenty pedagogiky, u\u010ditele a dal\u0161\u00ed z\u00e1jemce o vzd\u011bl\u00e1v\u00e1n\u00ed.<\/h5><p>Inkluzivn\u00ed vyu\u010dov\u00e1n\u00ed je flexibiln\u00ed, nep\u0159edv\u00eddateln\u00fd a otev\u0159en\u00fd proces ve shod\u011b s neust\u00e1le se m\u011bn\u00edc\u00edm sv\u011btem. Inkluzivn\u00ed my\u0161len\u00ed p\u0159edpokl\u00e1d\u00e1, \u017ee ka\u017ed\u00fd \u010dlov\u011bk je individu\u00e1ln\u00ed osobnost. Ned\u011bl\u00ed lidi na ty \u201cnorm\u00e1ln\u00ed\u201d a \u201cjin\u00e9\u201d.<\/p><p>P\u0159ipravovan\u00fd online kurz V\u0161echny d\u011bti v\u00edt\u00e1ny v\u00e1s provede \u0161koln\u00edmi zku\u0161enostmi r\u016fzn\u00fdch d\u011bt\u00ed. Sezn\u00e1m\u00edte se s p\u0159\u00edb\u011bhy \u017e\u00e1k\u016f ze Z\u0160 Trmice a s p\u0159\u00edb\u011bhy d\u011bt\u00ed z Ostravy. Zazn\u00ed hlasy r\u016fzn\u00fdch generac\u00ed, n\u00e1zory u\u010ditel\u016f z Trmic a dal\u0161\u00edch odborn\u00edk\u016f. V pr\u016fb\u011bhu cel\u00e9ho kurzu se pt\u00e1me: M\u00e1me v\u016fli p\u0159iv\u00edtat v na\u0161\u00ed \u0161kole ka\u017ed\u00e9 d\u00edt\u011b bez p\u0159edsudk\u016f? Nen\u00ed snad smyslem u\u010ditelstv\u00ed sna\u017eit se probouzet v ka\u017ed\u00e9m d\u00edt\u011bti jeho potenci\u00e1l?<\/p><p class=\"translation-block\">Na ot\u00e1zku, co je nejd\u016fle\u017eit\u011bj\u0161\u00edm motiva\u010dn\u00edm faktorem v \u017eivot\u011b studenta a jeho \u00fasp\u011bchu ve \u0161kole, odpov\u011bd\u011bla Edita Stejskalov\u00e1, \u010desk\u00e1 romsk\u00e1 aktivistka: <strong>\u201cTen pocit, kdy\u017e v\u00e1m n\u011bkdo ukazuje, \u017ee ve v\u00e1s v\u011b\u0159\u00ed.\u201d <\/strong><\/p>\t\t\t\t\t\t\t\t<\/div>\n\t\t\t\t<\/div>\n\t\t\t\t\t<\/div>\n\t\t<\/div>\n\t\t\t\t\t<\/div>\n\t\t<\/section>\n\t\t\t\t<\/div>","protected":false},"excerpt":{"rendered":"<p>Interaktivn\u00ed online kurz o inkluzivn\u00edm \u0161koln\u00edm prost\u0159ed\u00ed pro studenty pedagogiky, u\u010ditele a dal\u0161\u00ed z\u00e1jemce o vzd\u011bl\u00e1v\u00e1n\u00ed.<\/p>","protected":false},"author":1,"featured_media":6253,"comment_status":"closed","ping_status":"closed","template":"","cpt_services_group":[49,358,357],"class_list":["post-320","cpt_services","type-cpt_services","status-publish","has-post-thumbnail","hentry","cpt_services_group-ed-projects","cpt_services_group-jennes-projects","cpt_services_group-terezas-projects"],"_links":{"self":[{"href":"https:\/\/prameni.cz\/cs\/wp-json\/wp\/v2\/cpt_services\/320","targetHints":{"allow":["GET"]}}],"collection":[{"href":"https:\/\/prameni.cz\/cs\/wp-json\/wp\/v2\/cpt_services"}],"about":[{"href":"https:\/\/prameni.cz\/cs\/wp-json\/wp\/v2\/types\/cpt_services"}],"author":[{"embeddable":true,"href":"https:\/\/prameni.cz\/cs\/wp-json\/wp\/v2\/users\/1"}],"replies":[{"embeddable":true,"href":"https:\/\/prameni.cz\/cs\/wp-json\/wp\/v2\/comments?post=320"}],"version-history":[{"count":26,"href":"https:\/\/prameni.cz\/cs\/wp-json\/wp\/v2\/cpt_services\/320\/revisions"}],"predecessor-version":[{"id":7137,"href":"https:\/\/prameni.cz\/cs\/wp-json\/wp\/v2\/cpt_services\/320\/revisions\/7137"}],"wp:featuredmedia":[{"embeddable":true,"href":"https:\/\/prameni.cz\/cs\/wp-json\/wp\/v2\/media\/6253"}],"wp:attachment":[{"href":"https:\/\/prameni.cz\/cs\/wp-json\/wp\/v2\/media?parent=320"}],"wp:term":[{"taxonomy":"cpt_services_group","embeddable":true,"href":"https:\/\/prameni.cz\/cs\/wp-json\/wp\/v2\/cpt_services_group?post=320"}],"curies":[{"name":"wp","href":"https:\/\/api.w.org\/{rel}","templated":true}]}}

Všechny děti vítány

<div data-elementor-type="wp-post" data-elementor-id="320" class="elementor elementor-320">
						<section class="elementor-section elementor-top-section elementor-element elementor-element-76498ea1 elementor-section-boxed elementor-section-height-default elementor-section-height-default" data-id="76498ea1" data-element_type="section" data-e-type="section">
						<div class="elementor-container elementor-column-gap-extended">
					<div class="elementor-column elementor-col-100 elementor-top-column elementor-element elementor-element-4ca3d814 sc_inner_width_none sc_layouts_column_icons_position_left" data-id="4ca3d814" data-element_type="column" data-e-type="column">
			<div class="elementor-widget-wrap elementor-element-populated">
						<div class="elementor-element elementor-element-4cc6641c sc_fly_static elementor-widget elementor-widget-text-editor" data-id="4cc6641c" data-element_type="widget" data-e-type="widget" data-widget_type="text-editor.default">
				<div class="elementor-widget-container">
									<h5>Interaktivní online kurz o inkluzivním školním prostředí pro studenty pedagogiky, učitele a další zájemce o vzdělávání.</h5><p>Inkluzivní vyučování je flexibilní, nepředvídatelný a otevřený proces ve shodě s neustále se měnícím světem. Inkluzivní myšlení předpokládá, že každý člověk je individuální osobnost. Nedělí lidi na ty “normální” a “jiné”.</p><p>Připravovaný online kurz Všechny děti vítány vás provede školními zkušenostmi různých dětí. Seznámíte se s příběhy žáků ze ZŠ Trmice a s příběhy dětí z Ostravy. Zazní hlasy různých generací, názory učitelů z Trmic a dalších odborníků. V průběhu celého kurzu se ptáme: Máme vůli přivítat v naší škole každé dítě bez předsudků? Není snad smyslem učitelství snažit se probouzet v každém dítěti jeho potenciál?</p><p class="translation-block">Na otázku, co je nejdůležitějším motivačním faktorem v životě studenta a jeho úspěchu ve škole, odpověděla Edita Stejskalová, česká romská aktivistka: <strong>“Ten pocit, když vám někdo ukazuje, že ve vás věří.” </strong></p>								</div>
				</div>
					</div>
		</div>
					</div>
		</section>
				</div>

<p>Interaktivní online kurz o inkluzivním školním prostředí pro studenty pedagogiky, učitele a další zájemce o vzdělávání.</p>
